111100111001?
10100111100111001
In base 15, what is 3 + -26b2?
-26ae
In base 13, what is -5396 + -156?
-551c
In base 4, what is 12002033 - 0?
12002033
In base 15, what is dad5 - -3?
dad8
In base 3, what is -202 - 211?
-1120
In base 12, what is 0 + 379545?
379545
In base 11, what is 13 - -43117?
4312a
In base 15, what is -1de0b + -2?
-1de0d
In base 8, what is -1163135 + 2?
-1163133
In base 2, what is 1001001 - 100101001?
-11100000
In base 2, what is 100 - 10000001010010101011?
-10000001010010100111
In base 9, what is 17117 + -5?
17112
In base 6, what is -5 - 102402?
-102411
In base 6, what is 2 - 122425?
-122423
In base 16, what is 20e1 - -e?
20ef
In base 4, what is -2 + -13021113110?
-13021113112
In base 7, what is -24 - -102544?
102520
In base 4, what is 131 - 221120?
-220323
In base 12, what is -43b9b + -3?
-43ba2
In base 9, what is -8 + 533730?
533721
In base 9, what is 7366 - -17?
7384
In base 8, what is 6 + -1077736?
-1077730
In base 3, what is 0 + -212121120?
-212121120
In base 12, what is 3 + 871a1?
871a4
In base 4, what is -12103120010 + 0?
-12103120010
In base 16, what is -654 - 6?
-65a
In base 10, what is -2578 - -1?
-2577
In base 5, what is 0 + -220210?
-220210
In base 12, what is 449 + 1304?
1751
In base 10, what is 3 + 19848?
19851
In base 2, what is 10 + 100110111000000?
100110111000010
In base 16, what is -28 + -1312?
-133a
In base 16, what is fe3e - -8?
fe46
In base 11, what is -5 - 399?
-3a3
In base 15, what is -66d + -a8?
-726
In base 4, what is -13211302 + 2?
-13211300
In base 9, what is -26 - 14227?
-14254
In base 3, what is 0 - 22212102201?
-22212102201
In base 5, what is -4033 - -3310?
-223
In base 16, what is 2 - 710d2?
-710d0
In base 15, what is -28 - 76c3?
-76eb
In base 9, what is -70008 - 6?
-70015
In base 10, what is -3459 - -23?
-3436
In base 2, what is 101011011001 + 11?
101011011100
In base 8, what is -501 - 74?
-575
In base 7, what is 355662 + -4?
355655
In base 6, what is -4 + -205204?
-205212
In base 9, what is -446 - -24?
-422
In base 2, what is 1001100100 - -100111110?
1110100010
In base 5, what is 3 + -111214?
-111211
In base 7, what is 1033410 + 0?
1033410
In base 8, what is 41 + 50?
111
In base 2, what is 110011010101100000 + -1?
110011010101011111
In base 2, what is 1110010100 + -10110?
1101111110
In base 8, what is 0 - -17512?
17512
In base 12, what is 28869 - 1?
28868
In base 13, what is -2559 - 3c4?
-2950
In base 13, what is -326a2 + -3?
-326a5
In base 4, what is 11131311 + 21?
11131332
In base 9, what is 10440 - 14?
10425
In base 5, what is -10 + 10104333?
10104323
In base 13, what is 99aaa + -2?
99aa8
In base 8, what is 5 + 1717065?
1717072
In base 12, what is 29 - 8b3?
-886
In base 9, what is -437 + 130?
-307
In base 3, what is -22 + -211221000100?
-211221000122
In base 7, what is -311 + -313?
-624
In base 16, what is -ced1 + 2?
-cecf
In base 13, what is 48c5 - 30?
4895
In base 6, what is 2004 + -133?
1431
In base 11, what is 1445 + -83?
1372
In base 10, what is 79 - 726?
-647
In base 9, what is 3234 + -16?
3217
In base 2, what is -110 + 1010000101?
1001111111
In base 4, what is 100220331033 + -2?
100220331031
In base 9, what is 81 - 1382?
-1301
In base 13, what is 5ab - -3?
5b1
In base 4, what is -11212 - -3?
-11203
In base 14, what is 301 + -53d?
-23c
In base 10, what is -6140 - -6?
-6134
In base 10, what is -1 - 159583?
-159584
In base 10, what is -12 - 1202?
-1214
In base 5, what is 34332 - -3?
34340
In base 12, what is 11 - 1653?
-1642
In base 9, what is -2745 - -12?
-2733
In base 5, what is -1030243 + -4?
-1030302
In base 16, what is 2df - -3e?
31d
In base 2, what is -1011001 - 111001010?
-1000100011
In base 6, what is -4 - 4404501?
-4404505
In base 12, what is -3 - -10aa?
10a7
In base 9, what is -5 + -83638?
-83644
In base 6, what is 2313 - -40?
2353
In base 6, what is 0 - -1404150?
1404150
In base 15, what is 1 + 18414?
18415
In base 10, what is -20702 + -11?
-20713
In base 5, what is -11 - 42244002?
-42244013
In base 15, what is -1 + -149?
-14a
In base 12, what is 11a + 2687?
27a5
In base 15, what is 2291b3 + -4?
2291ae
In base 16, what is 5f - 7428?
-73c9
In base 13, what is 6546 - -64?
65aa
In base 7, what is -4234552 + -5?
-4234560
In base 15, what is -2031 - -68?
-1eb8
In base 2, what is -1001010010010110001 - -1000?
-1001010010010101001
In base 16, what is -38c5 - 4?
-38c9
In base 7, what is -1 + -4026101?
-4026102
In base 13, what is 19836 + 5?
1983b
In base 13, what is 2 - 168b0?
-168ab
In base 6, what is -210515 - -1032?
-205443
In base 10, what is 2896240 + -1?
2896239
In base 8, what is 60 + -733?
-653
In base 16, what is -1 - 5624?
-5625
In base 12, what is -3ab - 542?
-931
In base 3, what is 2002121212101 + -11?
2002121212020
In base 9, what is -7 - 146615?
-146623
In base 14, what is 0 - 9525?
-9525
In base 16, what is -4 + -95ea?
-95ee
In base 11, what is 43351 + -4?
43348
In base 6, what is -1102 + 20?
-1042
In base 8, what is 5636215 - 0?
5636215
In base 6, what is -40310 + 1?
-40305
In base 14, what is -3 + 26d7?
26d4
In base 6, what is 112205 + 205?
112414
In base 8, what is -23 - 475?
-520
In base 6, what is -41152 - -1220?
-35532
In base 2, what is -111110000001111 - 101?
-111110000010100
In base 16, what is -5 - 450f?
-4514
In base 10, what is -29278 + -62?
-29340
In base 13, what is 1138c5 - -1?
1138c6
In base 15, what is 14 + -4d7?
-4c3
In base 3, what is 12 + 1220220122?
1220220211
In base 13, what is -6c - 65a?
-6c9
In base 9, what is 2467 - 340?
2127
In base 11, what is 92 - -4631?
4713
In base 4, what is -302120 + 10111?
-232003
In base 8, what is -534275 - 24?
-534321
In base 7, what is -5 - -2330446?
2330441
In base 6, what is -15135 + 14?
-15121
In base 14, what is 75 + 143?
1b8
In base 8, what is -1055426 + -5?
-1055433
In base 3, what is -20202 - 122010?
-212212
In base 9, what is -18074 + 4?
-18070
In base 3, what is -10 + -1111220010?
-1111220020
In base 10, what is -3 + -330770?
-330773
In base 4, what is 1011121 + -13?
1011102
In base 8, what is -34 + -52476?
-52532
In base 4, what is 101 + -103020?
-102313
In base 16, what is 8 - -762?
76a
In base 10, what is -2 - 240069?
-240071
In base 8, what is 35011 - 2?
35007
In base 3, what is -210002 + -21011021?
-21221100
In base 15, what is 1e8409 - 5?
1e8404
In base 3, what is 1120111210 + -12?
1120111121
In base 7, what is 61626 - 4?
61622
In base 6, what is -5 - -53321454?
53321445
In base 5, what is -1221200 - -4?
-1221141
In base 7, what is -13 - 3645?
-3661
In base 2, what is 1010101000000000 + 11101?
1010101000011101
In base 6, what is 23 + -1004341?
-1004314
In base 14, what is 130539 - 5?
130534
In base 4, what is -11 - 10030333?
-10031010
In base 6, what is -125 + 32500?
32331
In base 8, what is 40705 - -2?
40707
In base 8, what is 2 - -237547?
237551
In base 7, what is 1526 + -100?
1426
In base 16, what is -9 + -bf80?
-bf89
In base 2, what is -110100011111001101100000 + 11?
-110100011111001101011101
In base 4, what is 301 + 221232?
222133
In base 4, what is -102113 - -32320?
-3133
In base 11, what is 3 - 2132a?
-21327
In base 9, what is -1 - 155708?
-155710
In base 6, what is -1 - -404213?
404212
In base 10, what is -101605 - -14?
-101591
In base 10, what is -8 + 12124?
12116
In base 11, what is 7 + 1248?
1254
In base 11, what is -42 - -334a?
3308
In base 2, what is -1100110111001011101010 + -11?
-1100110111001011101101
In base 7, what is 44052000 - -2?
44052002
In base 4, what is 10 - 11313110233?
-11313110223
In base 16, what is -4b + 7e9?
79e
In base 13, what is -15 - -2cba?
2ca5
In base 8, what is 1331602 + -3?
1331577
In base 3, what is 20121000112 - 2?
20121000110
In base 16, what is 2 - -317a?
317c
In base 13, what is -2a - -319?
2bc
In base 14, what is 2 - -1b47?
1b49
In base 7, what is 551 - 56056?
-55205
In base 7, what is 0 - 2613244?
-2613244
In base 4, what is 2 - 212013130?
-212013122
In base 10, what is 32243 - 30?
32213
In base 8, what is -36 - 206126?
-206164
In base 2, what is 11100111110 + -1100101?
11011011001
In base 3, what is -2102002202 - -11?
-2102002121
In base 12, what is -74708 + -1?
-74709
In base 11, what is 86 - -182?
258
In base 10, what is 14424 + 84?
14508
In base 11, what is -919 - -60?
-869
In base 12, what is 2332a + -3?
23327
In base 6, what is 142 - 5314?
-